08725006.
2, 754362503
List the prime factors of 291943203.
3, 29, 3355669
List the prime factors of 143413357.
143413357
What are the prime factors of 2936478100?
2, 5, 31, 281, 3371
List the prime factors of 240953126.
2, 71, 1123, 1511
What are the prime factors of 35115372?
2, 3, 975427
List the prime factors of 2842573274.
2, 53, 1109, 24181
List the prime factors of 1947178025.
5, 13, 139, 43103
List the prime factors of 49799159.
293, 349, 487
What are the prime factors of 6436784021?
379, 16983599
List the prime factors of 229572852.
2, 3, 19131071
List the prime factors of 4792753411.
29, 67, 83, 113, 263
List the prime factors of 70658623.
7, 10094089
What are the prime factors of 652479638?
2, 443, 736433
What are the prime factors of 60463389?
3, 7, 23, 125183
List the prime factors of 31653470.
2, 5, 569, 5563
List the prime factors of 767838830.
2, 5, 11, 17, 19, 21611
What are the prime factors of 50689142?
2, 7, 59, 109, 563
List the prime factors of 9522847.
1789, 5323
List the prime factors of 15061578.
2, 3, 7, 97, 3697
What are the prime factors of 206210915?
5, 31, 1330393
What are the prime factors of 2656531216?
2, 2113, 78577
List the prime factors of 223984876.
2, 89, 629171
List the prime factors of 1219912074.
2, 3, 227, 298559
List the prime factors of 2161782945.
3, 5, 7, 73, 31337
What are the prime factors of 19798308?
2, 3, 23, 23911
What are the prime factors of 759554989?
137, 311, 17827
List the prime factors of 1215764243.
1215764243
What are the prime factors of 368849743?
43, 8577901
List the prime factors of 2934881569.
19, 31, 839, 5939
List the prime factors of 22868304.
2, 3, 476423
List the prime factors of 36530605.
5, 7306121
List the prime factors of 24407314.
2, 12203657
List the prime factors of 2627770380.
2, 3, 5, 2267, 19319
What are the prime factors of 684553402?
2, 13, 47, 560191
List the prime factors of 163412642.
2, 43, 1900147
List the prime factors of 1071367648.
2, 13, 29, 88807
What are the prime factors of 136561562?
2, 191, 389, 919
What are the prime factors of 79680318?
2, 3, 71, 187043
What are the prime factors of 1759498869?
3, 2777, 211199
What are the prime factors of 684145286?
2, 11, 229, 593
List the prime factors of 1368577586.
2, 587, 1165739
List the prime factors of 360740963.
11, 97, 151, 2239
List the prime factors of 64078617.
3, 21359539
What are the prime factors of 7725536474?
2, 17, 31, 7329731
What are the prime factors of 57951568?
2, 3621973
List the prime factors of 6414115538.
2, 17, 37, 5098661
List the prime factors of 489272079.
3, 29, 839, 6703
List the prime factors of 27963601.
37, 353, 2141
What are the prime factors of 48335404?
2, 13, 929527
List the prime factors of 92702891.
92702891
List the prime factors of 63284339.
23, 2751493
List the prime factors of 209724284.
2, 7, 11, 109, 6247
List the prime factors of 21344638.
2, 7, 19, 29, 2767
List the prime factors of 506853875.
5, 11, 23, 31, 47
What are the prime factors of 1310865693?
3, 436955231
List the prime factors of 65745049.
347, 189467
What are the prime factors of 56485758?
2, 3, 7, 1344899
List the prime factors of 924648784.
2, 57790549
What are the prime factors of 6476366605?
5, 5347, 242243
List the prime factors of 2017491.
3, 7, 23, 4177
List the prime factors of 47853136.
2, 37, 80833
What are the prime factors of 787785924?
2, 3, 73, 727, 1237
List the prime factors of 3857919957.
3, 271, 977, 1619
What are the prime factors of 2886613740?
2, 3, 5, 5345581
List the prime factors of 124382516.
2, 109, 285281
List the prime factors of 2095499832.
2, 3, 17, 41, 125269
List the prime factors of 1975429711.
283, 6980317
What are the prime factors of 3735768523?
4801, 778123
List the prime factors of 223577552.
2, 11, 1270327
List the prime factors of 48483505.
5, 7, 29, 37, 1291
List the prime factors of 171370298.
2, 11, 7789559
List the prime factors of 55791357.
3, 2677, 6947
List the prime factors of 79317714.
2, 3, 7, 37, 43, 1187
What are the prime factors of 231884785?
5, 11, 983, 4289
What are the prime factors of 63398486?
2, 31699243
What are the prime factors of 180896465?
5, 331, 109303
List the prime factors of 341853816.
2, 3, 17, 53, 15809
List the prime factors of 90533019.
3, 193, 156361
List the prime factors of 140266080.
2, 3, 5, 79, 137
What are the prime factors of 360737211?
3, 19, 6328723
List the prime factors of 1229309486.
2, 59, 10417877
What are the prime factors of 253251847?
4703, 53849
List the prime factors of 26881062.
2, 3, 13, 344629
List the prime factors of 580926269.
7, 11, 53, 283, 503
List the prime factors of 1448049556.
2, 31, 2557, 4567
List the prime factors of 4047812658.
2, 3, 41, 1499, 3659
List the prime factors of 266546469.
3, 7, 12692689
What are the prime factors of 155134494?
2, 3, 23, 124907
What are the prime factors of 1333996853?
7, 37, 5150567
What are the prime factors of 147771764?
2, 7, 389, 13567
What are the prime factors of 478026079?
659, 725381
List the prime factors of 3023602850.
2, 5, 83, 728579
What are the prime factors of 458818396?
2, 29, 3955331
List the prime factors of 328032476.
2, 17, 53, 91019
What are the prime factors of 5725455068?
2, 173, 8273779
List the prime factors of 781395271.
53, 14743307
What are the prime factors of 1631007432?
2, 3, 22652881
What are the prime factors of 94387290?
2, 3, 5, 3146243
List the prime factors of 7159327256.
2, 26987, 33161
List the prime factors of 2318800128.
2, 3, 19, 158909
What are the prime factors of 11715642?
2, 3, 650869
What are the prime factors of 128788607?
89, 1447063
What are the prime factors of 749250432?
2, 3, 7, 30971
List the prime factors of 206823505.
5, 7, 29, 203767
What are the prime factors of 21356388?
2, 3, 593233
What are the prime factors of 37429634?
2, 11, 263, 6469
What are the prime factors of 5176220502?
2, 3, 19, 163, 278561
What are the prime factors of 27734814?
2, 3, 1540823
What are the prime factors of 548096185?
5, 7, 13, 1204607
What are the prime factors of 912639573?
3, 101404397
List the prime factors of 56729500.
2, 5, 23, 4933
List the prime factors of 96578183.
13, 7429091
What are the prime factors of 4077604473?
3, 23, 43, 59753
What are the prime factors of 948109534?
2, 37, 12812291
What are the prime factors of 2890546297?
83, 34825859
List the prime factors of 1786872354.
2, 3, 367, 883, 919
List the prime factors of 473617110.
2, 3, 5, 17, 928661
What are the prime factors of 950607236?
2, 237651809
List the prime factors of 28968087.
3, 9656029
List the prime factors of 242500522.
2, 11, 103, 1039
List the prime factors of 89891184.
2, 3, 29, 64577
What are the prime factors of 76249619?
76249619
What are the prime factors of 690510045?
3, 5, 4877, 9439
What are the prime factors of 131743747?
23, 337, 739
What are the prime factors of 2132594929?
2132594929
List the prime factors of 4275880530.
2, 3, 5, 31, 79, 58199
What are the prime factors of 3843198057?
3, 43, 29792233
What are the prime factors of 240309968?
2, 37, 89, 4561
List the prime factors of 8205664.
2, 23, 11149
List the prime factors of 168023638.
2, 84011819
What are the prime factors of 797955374?
2, 199, 439, 4567
What are the prime factors of 37170749?
7, 11, 47, 10271
List the prime factors of 458068132.
2, 114517033
List the prime factors of 206422093.
206422093
List the prime factors of 4780021586.
2, 2390010793
List the prime factors of 5257630190.
2, 5, 525763019
List the prime factors of 503867442.
2, 3, 13, 61, 105899
What are the prime factors of 45685095?
3, 5, 491, 6203
What are the prime factors of 1796136826?
2, 11, 61, 281, 433
What are the prime factors of 1820174753?
107, 677, 25127
List the prime factors of 120544247.
7703, 15649
What are the prime factors of 608765207?
608765207
List the prime factors of 16275319.
41, 167, 2377
List the prime factors of 21299375.
5, 53, 643
What are the prime factors of 4373088655?
5, 13, 67278287
What are the prime factors of 333842570?
2, 5, 103, 324119
List the prime factors of 120855010.
2, 5, 19, 59, 10781
What are the prime factors of 9019302?
2, 3, 1049, 1433
What are the prime factors of 68026564?
2, 17006641
What are the prime factors of 27776054?
2, 739, 18793
List the p